- 2419 - 5280. What are the prime factors of q?
17, 151
Suppose -3*f = 3*x - f - 58, 10 = x - 4*f. Let h = -16 + x. Let r(a) = 2*a**3 - a**2 + 3*a - 3. List the prime factors of r(h).
3, 5
Suppose 0*i - 6*i = 0. List the prime factors of -1 + -2 + (i/1 - -112).
109
Suppose -6*u + 11 = 125. List the prime factors of (-570)/u + -1 + (-8)/(-2).
3, 11
Let m(l) = 2*l**2 + 5*l + 4. Let x be m(-2). Suppose -x*i + 40 = 3*h - 86, 0 = -5*i. List the prime factors of h.
2, 3, 7
Let k(x) = 32*x + 6. Let n be k(4). Suppose -2*r + 153 + n = 5*c, -2*r + 116 = 2*c. List the prime factors of (0 + -4)*c/(-6).
2, 19
What are the prime factors of (506/4 + -2)*32/6?
2, 83
Let i(z) = 5 + 4 - 1 + 2*z**2 + 9 - 4*z. List the prime factors of i(7).
3, 29
What are the prime factors of (-4 + 6)/((-10)/(-4405))?
881
Let r = 3 + 12. Let f(m) = r*m + 27*m - 1 + 7*m + 13*m. What are the prime factors of f(1)?
61
Let v(t) = -t**3 - 4*t**2 - 7*t - 5. Suppose 0 = -8*y + 23 + 33. Let i be (-2 - -4)*(y - 9). What are the prime factors of v(i)?
23
Let u(z) = 86*z + 7. Let j = -92 - -95. List the prime factors of u(j).
5, 53
Let q be (-2 - 0)*4/(-2). Suppose u + u = -2*g + 392, -g + q*u = -171. What are the prime factors of g?
191
Suppose 5*u = f - 1061, -2129 = -0*f - 2*f + 3*u. List the prime factors of f.
2, 13, 41
Let p(d) = 8*d**2 - 58*d + 15. List the prime factors of p(-13).
3, 7, 101
Let u(g) = g**2 - 7*g - 5. Let o be u(9). What are the prime factors of (12 + -13)*o*-9?
3, 13
Suppose -3*r = 2*m + 16, 3*m - 5*r - 5 = -48. Let b(z) = -z**2 - 15*z + 3. Let g be b(m). Let n = g + -9. List the prime factors of n.
2, 19
Let p = 99 - 41. Suppose 5*f - 32 - p = 0. What are the prime factors of (-1)/(-1 + f/21)?
7
Suppose -3*z + 4*v - 1058 = -6*z, -2*v - 2 = 0. List the prime factors of z.
2, 3, 59
Let f(n) = 48*n - 72. What are the prime factors of f(7)?
2, 3, 11
Suppose 4*a = 3*a. Let y(t) = t**2 + 48. Let m be y(a). Let b = m - 40. What are the prime factors of b?
2
Let t(c) = c**2 - 21*c - 3. What are the prime factors of t(23)?
43
Let r(j) = j**3 - 7*j**2 - 4*j - 8. Let c be r(8). Let y = 4 - c. Let q = y - -28. What are the prime factors of q?
2
Let d(r) = -357*r + 20. Let t be d(-10). Suppose -30*p + 20*p + t = 0. What are the prime factors of p?
359
Let u(h) = -2*h - 5. Let b(s) = -6*s - 14. Let m(n) = -2*b(n) + 7*u(n). Let t be m(-7). Suppose 3*f - 5 = t. List the prime factors of f.
2
Suppose y = -3*a - 29, -5*y + a = -2*a + 73. Let m(r) = r**3 + 18*r**2 + 11*r - 42. What are the prime factors of m(y)?
2, 3, 5
Let q(z) be the first derivative of -5*z**4/2 + z**3/3 - z**2 + z - 9. What are the prime factors of q(-2)?
89
What are the prime factors of (-12*(-38)/20)/((-3)/(-10))?
2, 19
Let z = 93 - 88. Let h(f) = -4*f**2 + 1 - 3*f**2 + f**3 + 4*f**2 - 4*f. List the prime factors of h(z).
31
Let c(y) = 5*y**3 + 12*y**2 + 10*y - 13. Let t(p) = 14*p**3 + 37*p**2 + 30*p - 40. Let m(w) = -11*c(w) + 4*t(w). What are the prime factors of m(-15)?
2, 29
Suppose 5*k - 49 = -9. Suppose k = 4*d - 124. What are the prime factors of d?
3, 11
Suppose 4*y = 2*x + 3984 - 156, 0 = -3*y + 4*x + 2861. What are the prime factors of y?
7, 137
Suppose -5*p + 33 = -57. Let k(u) = u**2 - 9*u - 1. List the prime factors of k(p).
7, 23
Suppose -5*w = -0*w. Suppose w*c + 3*c = -6. List the prime factors of (-852)/(-54) + c/(-9).
2
Suppose -4*x = 2*j - 984, 3*x - 3 = 3. What are the prime factors of j?
2, 61
Let l(z) = -z**2 - 107*z + 220. List the prime factors of l(-49).
2, 1531
Suppose 7*t - 32 = 3*t. Suppose 2*j = t*j - 138. What are the prime factors of j?
23
Let y(g) = -3*g + 22. Let l be y(-13). List the prime factors of (-8)/(-16) - l/(-2).
31
Let i = 1 + 1. What are the prime factors of (i - -3) + 9/(-3)?
2
Let m be -12 + 3 - -5 - -38. Let s be (9/18)/((-2)/(-8)). Suppose s = 4*k - m. What are the prime factors of k?
3
Let u(w) = 151*w - 895. List the prime factors of u(14).
23, 53
Let j = 103 - 23. Suppose 2*d = 4*v + j, -d - 3*v + 58 - 18 = 0. List the prime factors of d.
2, 5
Let v be (-2)/(-2*1) - -5. Let x(j) = j**2 - 3*j + 2. Let z be x(-4). Suppose -v*k + 9*k = -4*b + z, 3*k - 33 = -3*b. What are the prime factors of k?
2, 7
Suppose -o + 0*z = -4*z - 179, -5*o - 4*z + 991 = 0. Suppose 0 = -3*y - 0*y + o. What are the prime factors of y?
5, 13
Suppose -4*b - n = -1207, 2*n - 3 + 5 = 0. What are the prime factors of b?
2, 151
List the prime factors of 465 - ((-2)/10 - (-672)/210).
2, 3, 7, 11
Suppose -i = 3*g + 253 - 960, 1404 = 2*i - 4*g. What are the prime factors of i?
2, 11
Suppose 8 = 2*c + 3*v + v, -3*c + 4*v = -2. Let j(u) = 10*u**3 + 5*u**2 - 4*u + 1. What are the prime factors of j(c)?
3, 31
Let i(n) be the second derivative of -89*n**3/6 + n**2 - n. What are the prime factors of i(-1)?
7, 13
Let l(a) be the second derivative of 1/6*a**3 - a + 2*a**2 + 0. What are the prime factors of l(0)?
2
Suppose 4*r + 2*a = 2*r + 10, 0 = r - 5*a - 23. Suppose r*q - q = 392. List the prime factors of q.
2, 7
Suppose -a = -834 - 188. What are the prime factors of a?
2, 7, 73
Suppose -3*t = x + 4 + 5, 12 = -4*t. Let c be -1 + 0 + x + 4. List the prime factors of (-32)/((-7 + c)/4).
2
Suppose -3*k + 4*m = -96 - 28, -4*k - 2*m = -136. Let o be 1197/k - (-2)/(-8). Suppose -3*c + 0*c = -o. What are the prime factors of c?
11
Let o(l) = 2*l**2 + l - 3. Let y(u) = -3*u**2 - 2*u + 5. Let w(j) = -5*o(j) - 3*y(j). Let h be w(2). What are the prime factors of -3*(-98)/(-12)*h?
7
Let o be 1*285/12*16/4. Suppose -6*n + o = -127. What are the prime factors of n?
37
Let n(u) = u + 4. Let m(h) = -h**2 + 12*h - 15. Let a be m(10). List the prime factors of n(a).
3
Let f = 909 + -523. What are the prime factors of f?
2, 193
Let d = -50 + 57. Suppose 56 - 546 = -d*b. What are the prime factors of b?
2, 5, 7
Suppose 0*k + 5*g + 75 = -5*k, -k = 3*g + 21. Let a = 20 + k. What are the prime factors of (-2)/a + 69/4?
17
Let h(u) = 8*u**2 + 11*u + 8. What are the prime factors of h(-8)?
2, 3
Suppose 5*r - 5 = -4*k, 3*k + r = 4*r - 3. Let t be (-4)/(-10) - (-1314)/90. Suppose k*o - t = -o. What are the prime factors of o?
3, 5
Let z(a) = -a**2 - 10*a - 11. Let q be z(-5). Suppose 574 = -7*m + q*m. What are the prime factors of m?
2, 41
Let r be (-1 - -3) + 1 + 20. Suppose 0 = -5*a + 142 + r. What are the prime factors of a?
3, 11
Let h be -4*(135/(-20))/(-9). Let k = 34 - h. List the prime factors of k.
37
Suppose -k - 2*k + 18 = 0. Let v(n) = -k*n**2 - n**2 + 2*n**3 - 2*n - 2*n**2 - 4 + 7*n**2. What are the prime factors of v(3)?
2, 13
Let t(p) = 4*p**2 + 26*p + 104. What are the prime factors of t(19)?
2, 1021
Let t(v) = 4*v**3 - v**2 - v - 2. Let o be t(3). Let p = o + -65. What are the prime factors of p?
29
Let c(a) = -58*a**3 + 3*a**2 + 9*a + 8. What are the prime factors of c(-2)?
2, 233
Suppose 0 = 332*q - 324*q - 3848. What are the prime factors of q?
13, 37
Let a be (-12)/60 + (-191)/(-5). Suppose -4*o - a = -342. Suppose 3*y = -4*p + 184, y - 2*y - 5*p = -o. What are the prime factors of y?
2, 7
Let b(c) = -c + 4. Let m be (-2)/4 - 1/(-2). Suppose m*l = -2*l. List the prime factors of b(l).
2
Suppose -6*k + 4*k - a + 13 = 0, 5*a = -4*k + 23. Let l(g) = -g + 1. Let w be l(k). What are the prime factors of 31/2 - (-3)/w?
3, 5
Let w = -31 + 32. List the prime factors of w/((-4 - -8)/348).
3, 29
Let u = -339 + 215. Let a = 217 + u. List the prime factors of a.
3, 31
Suppose 4*t - 3*r - 164 = 0, -2*t + 5*t + 3*r = 123. Suppose 2*q = 3*c + c + 6, -5*q + t = 3*c. Let o = q + -2. List the prime factors of o.
5
Suppose -x + 6*x = 0. Suppose x = 5*w - 9*w + 284. What are the prime factors of w?
71
Let q(h) = h**3 + 3*h**2 + 2*h - 1. Let l be q(-2). Let f = l + 1. Suppose f = -2*g + 9 + 5. What are the prime factors of g?
7
Let v = -84 - -85. What are the prime factors of 7/((-28)/8) - v*-58?
2, 7
What are the prime factors of (14 - (108 - 7))*236/(-6)?
2, 29, 59
Suppose -9*q = q - 840. Suppose 0*l + q = 2*l. List the prime factors of l.
2, 3, 7
Suppose 3*o - 4*q = 80, 0*q = -4*o + 4*q + 100. Suppose 5*t - o = -0*t. Suppose -i - 88 = -5*w, 0 = w + t*i - 16 - 10. What are the prime factors of w?
2, 3
List the prime factors of (-31672)/(-24) + 5/(-3).
2, 659
Let j = 15 + -7. Suppose 6*p - 2 = -j. Let a(b) = -24*b. Li